{"id":87,"date":"2018-01-13T20:40:02","date_gmt":"2018-01-13T20:40:02","guid":{"rendered":"http:\/\/metalseg.com.br\/site\/?page_id=87"},"modified":"2025-08-19T13:28:23","modified_gmt":"2025-08-19T13:28:23","slug":"dilacerador-de-pneus","status":"publish","type":"page","link":"http:\/\/metalseg.com.br\/site\/produtos\/dilacerador-de-pneus\/","title":{"rendered":"Dilacerador de Pneus"},"content":{"rendered":"\t\t<div data-elementor-type=\"wp-page\" data-elementor-id=\"87\" class=\"elementor elementor-87\">\n\t\t\t\t\t\t<section class=\"elementor-section elementor-top-section elementor-element elementor-element-3a53aee9 elementor-section-boxed elementor-section-height-default elementor-section-height-default\" data-id=\"3a53aee9\" data-element_type=\"section\">\n\t\t\t\t\t\t<div class=\"elementor-container elementor-column-gap-default\">\n\t\t\t\t\t<div class=\"elementor-column elementor-col-100 elementor-top-column elementor-element elementor-element-7620598f\" data-id=\"7620598f\" data-element_type=\"column\">\n\t\t\t<div class=\"elementor-widget-wrap elementor-element-populated\">\n\t\t\t\t\t\t<div class=\"elementor-element elementor-element-d20a00e elementor-align-center elementor-widget elementor-widget-button\" data-id=\"d20a00e\" data-element_type=\"widget\" data-widget_type=\"button.default\">\n\t\t\t\t<div class=\"elementor-widget-container\">\n\t\t\t\t\t\t\t\t\t<div class=\"elementor-button-wrapper\">\n\t\t\t\t\t<a class=\"elementor-button elementor-button-link elementor-size-sm\" href=\"https:\/\/api.whatsapp.com\/send\/?phone=5511949398293&#038;text=Ol%C3%A1%21+Gostaria+de+uma+cota%C3%A7%C3%A3o+para+um+Dilacerador+de+Pneus.\">\n\t\t\t\t\t\t<span class=\"elementor-button-content-wrapper\">\n\t\t\t\t\t\t<span class=\"elementor-button-icon\">\n\t\t\t\t<i aria-hidden=\"true\" class=\"fab fa-whatsapp\"><\/i>\t\t\t<\/span>\n\t\t\t\t\t\t\t\t\t<span class=\"elementor-button-text\">Fale com nossa Equipe Comercial<\/span>\n\t\t\t\t\t<\/span>\n\t\t\t\t\t<\/a>\n\t\t\t\t<\/div>\n\t\t\t\t\t\t\t\t<\/div>\n\t\t\t\t<\/div>\n\t\t\t\t<div class=\"elementor-element elementor-element-7ab548da elementor-widget elementor-widget-text-editor\" data-id=\"7ab548da\" data-element_type=\"widget\" data-widget_type=\"text-editor.default\">\n\t\t\t\t<div class=\"elementor-widget-container\">\n\t\t\t\t\t\t\t\t\t<h3 style=\"text-align: center;\">O Dilacerador de Pneus Metalseg \u00e9 a prote\u00e7\u00e3o definitiva para transportadoras, centros log\u00edsticos e aeroportos.<\/h3><p class=\"p1\">O\u00a0<b>Perfurador de Pneus, Dilacerador de Pneus<\/b>\u00a0ou\u00a0<b>\u201cGarra de Tigre\u201d<\/b>\u00a0como \u00e9 popularmente conhecido, \u00e9 um equipamento que perfura os pneus de carros ou caminh\u00f5es, quando tentam for\u00e7ar um acesso n\u00e3o autorizado, podendo ser acionado atrav\u00e9s de botoeira comando, controle de acesso ou ainda em conjunto com port\u00f5es e cancelas autom\u00e1ticas.<\/p><p>O Dilacerador de Pneus Metalseg \u00e9 um equipamento de alta seguran\u00e7a, projetado para perfurar pneus de ve\u00edculos leves ou pesados que tentem o acesso em local ou momento n\u00e3o autorizado.<\/p><p>Para isso, o Dilacerador Metalseg conta com um conjunto de lan\u00e7as duplas, comandadas por um motor de alto desempenho que, ao receber o comando de uma botoeira ou cancela, gira em seu eixo e posiciona-se na posi\u00e7\u00e3o de prote\u00e7\u00e3o (vertical).<\/p><p>O equipamento \u00e9 montado em superf\u00edcie plana (sobre chassi) e internamente em valeta de concreto. O conjunto eletromec\u00e2nico \u00e9 composto de moto-redutor para alto fluxo, central eletr\u00f4nica de comando e sensores de fim de curso para aplica\u00e7\u00f5es industriais.<\/p><p>O conjunto de Lan\u00e7as \u00e9 formado por um eixo maci\u00e7o em A\u00e7o 1045, mancais e rolamentos, refor\u00e7ados e fixados a cada 900 mm por meio de parafusos em a\u00e7o de \u00bd polegada\u201d.<\/p><p>Lan\u00e7as Duplas Dilacerantes, em formato de tesoura, confeccionadas em chapa de 6,35 mm de espessura e grelha extra forte em a\u00e7o 1020, a espessura de 3\/8 e trabalhada em oxicorte. Na posi\u00e7\u00e3o de desarme as lan\u00e7as ficam inteiramente embutidas.<\/p><p>\u00c9 o modelo que oferece melhor desempenho para ve\u00edculos leves e pesados. Por isso mesmo, \u00e9 o modelo mais aplicado nos projetos de Centros Log\u00edsticos, Transportadoras e Aeroportos.<\/p><div class=\"su-animate\" style=\"opacity:0;-webkit-animation-duration:1s;-webkit-animation-delay:0s;animation-duration:1s;animation-delay:0s;\" data-animation=\"bounceIn\" data-duration=\"1\" data-delay=\"0\"><\/p><p><div class=\"su-box su-box-style-default\" id=\"\" style=\"border-color:#000000;border-radius:6px;\"><div class=\"su-box-title\" style=\"background-color:#333333;color:#FFFFFF;border-top-left-radius:4px;border-top-right-radius:4px\">Especifica\u00e7\u00f5es T\u00e9cnicas<\/div><div class=\"su-box-content su-u-clearfix su-u-trim\" style=\"border-bottom-left-radius:4px;border-bottom-right-radius:4px\"><div class=\"su-table su-table-responsive su-table-alternate\"><\/p><table><tbody><tr><td>Motor<\/td><td>Fim de Curso<\/td><td>Ciclos\/Hora<\/td><td>Balanceamento<\/td><td>Lan\u00e7as<\/td><td>Vala<\/td><td>Grelha<\/td><\/tr><tr><td>PPA<\/td><td>Eletr\u00f4nico Inteligente<\/td><td>1500<\/td><td>100% balanceado<\/td><td>Dupla em formato de tesoura<\/td><td>1\/4&#8243; de espessura<\/td><td>3\/8&#8243; de espessura<\/td><\/tr><\/tbody><\/table><p><\/div><\/div><\/div><\/p><p><\/div><h5 class=\"\" style=\"text-align: center;\">\u00a0<\/h5><h3 class=\"\" style=\"text-align: center;\">Como o Dilacerador de Pneus \u00e9 implantado?<\/h3><p style=\"text-align: center;\"><div class=\"su-animate\" style=\"opacity:0;-webkit-animation-duration:1s;-webkit-animation-delay:0s;animation-duration:1s;animation-delay:0s;\" data-animation=\"slideInLeft\" data-duration=\"1\" data-delay=\"0\"><div class=\"su-row\"><div class=\"su-column su-column-size-1-2\"><div class=\"su-column-inner su-u-clearfix su-u-trim\"><div class=\"su-service\"><div class=\"su-service-title\" style=\"padding-left:40px;min-height:26px;line-height:26px\"><i class=\"sui sui-share\" style=\"font-size:26px;color:#900\"><\/i> Primeiro Passo<\/div><div class=\"su-service-content su-u-clearfix su-u-trim\" style=\"padding-left:40px\">\u00c9 aberto uma vala rasa para acomoda\u00e7\u00e3o do Dilacerador de Pneus, com o devido escoamento de \u00e1gua. Recomendamos que esta vala j\u00e1 preveja o ponto de energia e de acionamento do sistema, para facilitar a implanta\u00e7\u00e3o eletr\u00f4nica.<\/div><\/div><\/div><\/div> <div class=\"su-column su-column-size-1-2\"><div class=\"su-column-inner su-u-clearfix su-u-trim\"><img fetchpriority=\"high\" decoding=\"async\" class=\"alignnone size-medium wp-image-371\" src=\"http:\/\/metalseg.com.br\/site\/wp-content\/uploads\/2018\/03\/passo-1-300x180.jpg\" alt=\"\" width=\"300\" height=\"180\" srcset=\"http:\/\/metalseg.com.br\/site\/wp-content\/uploads\/2018\/03\/passo-1-300x180.jpg 300w, http:\/\/metalseg.com.br\/site\/wp-content\/uploads\/2018\/03\/passo-1.jpg 500w\" sizes=\"(max-width: 300px) 100vw, 300px\" \/>\u00a0<\/div><\/div><\/div><\/div><\/p><p style=\"text-align: center;\"><div class=\"su-animate\" style=\"opacity:0;-webkit-animation-duration:1s;-webkit-animation-delay:0s;animation-duration:1s;animation-delay:0s;\" data-animation=\"slideInRight\" data-duration=\"1\" data-delay=\"0\"><div class=\"su-row\"><div class=\"su-column su-column-size-1-2\"><div class=\"su-column-inner su-u-clearfix su-u-trim\"><div class=\"su-service\"><div class=\"su-service-title\" style=\"padding-left:40px;min-height:26px;line-height:26px\"><i class=\"sui sui-share\" style=\"font-size:26px;color:#900\"><\/i> Segundo Passo<\/div><div class=\"su-service-content su-u-clearfix su-u-trim\" style=\"padding-left:40px\">Com a vala devidamente providenciada, seguimos para a inser\u00e7\u00e3o do Dilacerador de Pneus no espa\u00e7o designado. Uma vez posicionado dentro da vala, o equipamento s\u00f3 precisa ser conectado a um ponto de energia e est\u00e1 pronto para utiliza\u00e7\u00e3o.<\/div><\/div><\/div><\/div> <div class=\"su-column su-column-size-1-2\"><div class=\"su-column-inner su-u-clearfix su-u-trim\"><img decoding=\"async\" class=\"alignnone size-medium wp-image-372\" src=\"http:\/\/metalseg.com.br\/site\/wp-content\/uploads\/2018\/03\/passo-2-300x180.jpg\" alt=\"\" width=\"300\" height=\"180\" srcset=\"http:\/\/metalseg.com.br\/site\/wp-content\/uploads\/2018\/03\/passo-2-300x180.jpg 300w, http:\/\/metalseg.com.br\/site\/wp-content\/uploads\/2018\/03\/passo-2.jpg 500w\" sizes=\"(max-width: 300px) 100vw, 300px\" \/><\/div><\/div><\/div><\/div><\/p><p style=\"text-align: center;\"><div class=\"su-animate\" style=\"opacity:0;-webkit-animation-duration:1s;-webkit-animation-delay:0s;animation-duration:1s;animation-delay:0s;\" data-animation=\"slideInLeft\" data-duration=\"1\" data-delay=\"0\"><div class=\"su-row\"><div class=\"su-column su-column-size-1-2\"><div class=\"su-column-inner su-u-clearfix su-u-trim\"><div class=\"su-service\"><div class=\"su-service-title\" style=\"padding-left:40px;min-height:26px;line-height:26px\"><i class=\"sui sui-share\" style=\"font-size:26px;color:#900\"><\/i> Terceiro Passo<\/div><div class=\"su-service-content su-u-clearfix su-u-trim\" style=\"padding-left:40px\">Ap\u00f3s os 2 primeiros passos, o Dilacerador de Pneus Metalseg j\u00e1 est\u00e1 funcional! O pr\u00f3ximo passo \u00e9 apenas embutir os cabos de energia e acionamento, para efeito de seguran\u00e7a e visual.<\/div><\/div><\/div><\/div> <div class=\"su-column su-column-size-1-2\"><div class=\"su-column-inner su-u-clearfix su-u-trim\"><img decoding=\"async\" class=\"alignnone size-medium wp-image-373\" src=\"http:\/\/metalseg.com.br\/site\/wp-content\/uploads\/2018\/03\/passo-3-300x180.jpg\" alt=\"\" width=\"300\" height=\"180\" srcset=\"http:\/\/metalseg.com.br\/site\/wp-content\/uploads\/2018\/03\/passo-3-300x180.jpg 300w, http:\/\/metalseg.com.br\/site\/wp-content\/uploads\/2018\/03\/passo-3.jpg 500w\" sizes=\"(max-width: 300px) 100vw, 300px\" \/><\/div><\/div><\/div><\/div><\/p><h3 class=\"\" style=\"text-align: center;\">Fotos do Produto Instalado<\/h3><p style=\"text-align: center;\"><div class=\"su-custom-gallery su-custom-gallery-align-left su-custom-gallery-title-never su-lightbox-gallery\"><div class=\"su-custom-gallery-slide\" style=\"width:300px;height:300px\"><a href=\"http:\/\/metalseg.com.br\/site\/wp-content\/uploads\/2018\/03\/2013-08-16-11.24.33.jpg\" title=\"2013-08-16 11.24.33\"><img loading=\"lazy\" decoding=\"async\" src=\"http:\/\/metalseg.com.br\/site\/wp-content\/uploads\/2018\/03\/2013-08-16-11.24.33-300x300.jpg\" alt=\"2013-08-16 11.24.33\" width=\"300\" height=\"300\" \/><span class=\"su-custom-gallery-title\">2013-08-16 11.24.33<\/span><\/a><\/div><div class=\"su-custom-gallery-slide\" style=\"width:300px;height:300px\"><a href=\"http:\/\/metalseg.com.br\/site\/wp-content\/uploads\/2018\/03\/13414024_1133021733432275_1727908107_n.jpg\" title=\"13414024_1133021733432275_1727908107_n\"><img loading=\"lazy\" decoding=\"async\" src=\"http:\/\/metalseg.com.br\/site\/wp-content\/uploads\/2018\/03\/13414024_1133021733432275_1727908107_n-300x300.jpg\" alt=\"13414024_1133021733432275_1727908107_n\" width=\"300\" height=\"300\" \/><span class=\"su-custom-gallery-title\">13414024_1133021733432275_1727908107_n<\/span><\/a><\/div><div class=\"su-custom-gallery-slide\" style=\"width:300px;height:300px\"><a href=\"http:\/\/metalseg.com.br\/site\/wp-content\/uploads\/2018\/03\/Dilacerador-de-Pneus-com-Cancela-Integrada-02.jpg\" title=\"Dilacerador de Pneus com Cancela Integrada 02\"><img loading=\"lazy\" decoding=\"async\" src=\"http:\/\/metalseg.com.br\/site\/wp-content\/uploads\/2018\/03\/Dilacerador-de-Pneus-com-Cancela-Integrada-02-300x300.jpg\" alt=\"Dilacerador de Pneus com Cancela Integrada 02\" width=\"300\" height=\"300\" \/><span class=\"su-custom-gallery-title\">Dilacerador de Pneus com Cancela Integrada 02<\/span><\/a><\/div><div class=\"su-custom-gallery-slide\" style=\"width:300px;height:300px\"><a href=\"http:\/\/metalseg.com.br\/site\/wp-content\/uploads\/2018\/03\/IMG_5898.jpg\" title=\"IMG_5898\"><img loading=\"lazy\" decoding=\"async\" src=\"http:\/\/metalseg.com.br\/site\/wp-content\/uploads\/2018\/03\/IMG_5898-300x300.jpg\" alt=\"IMG_5898\" width=\"300\" height=\"300\" \/><span class=\"su-custom-gallery-title\">IMG_5898<\/span><\/a><\/div><div class=\"su-custom-gallery-slide\" style=\"width:300px;height:300px\"><a href=\"http:\/\/metalseg.com.br\/site\/wp-content\/uploads\/2018\/03\/IMG_8914.jpg\" title=\"IMG_8914\"><img loading=\"lazy\" decoding=\"async\" src=\"http:\/\/metalseg.com.br\/site\/wp-content\/uploads\/2018\/03\/IMG_8914-300x300.jpg\" alt=\"IMG_8914\" width=\"300\" height=\"300\" \/><span class=\"su-custom-gallery-title\">IMG_8914<\/span><\/a><\/div><div class=\"su-custom-gallery-slide\" style=\"width:300px;height:300px\"><a href=\"http:\/\/metalseg.com.br\/site\/wp-content\/uploads\/2018\/03\/z1.jpg\" title=\"z1\"><img loading=\"lazy\" decoding=\"async\" src=\"http:\/\/metalseg.com.br\/site\/wp-content\/uploads\/2018\/03\/z1-300x300.jpg\" alt=\"z1\" width=\"300\" height=\"300\" \/><span class=\"su-custom-gallery-title\">z1<\/span><\/a><\/div><div class=\"su-clear\"><\/div><\/div><\/p><div class=\"su-animate\" style=\"opacity:0;-webkit-animation-duration:1s;-webkit-animation-delay:0s;animation-duration:1s;animation-delay:0s;\" data-animation=\"bounceIn\" data-duration=\"1\" data-delay=\"0\"><div class=\"su-box su-box-style-default\" id=\"\" style=\"border-color:#c5ac28;border-radius:6px;\"><div class=\"su-box-title\" style=\"background-color:#f8df5b;color:#333;border-top-left-radius:4px;border-top-right-radius:4px\">Receba sua cota\u00e7\u00e3o em minutos<\/div><div class=\"su-box-content su-u-clearfix su-u-trim\" style=\"border-bottom-left-radius:4px;border-bottom-right-radius:4px\">\n<div class=\"wpcf7 no-js\" id=\"wpcf7-f4-o1\" lang=\"pt-BR\" dir=\"ltr\" data-wpcf7-id=\"4\">\n<div class=\"screen-reader-response\"><p role=\"status\" aria-live=\"polite\" aria-atomic=\"true\"><\/p> <ul><\/ul><\/div>\n<form action=\"\/site\/wp-json\/wp\/v2\/pages\/87#wpcf7-f4-o1\" method=\"post\" class=\"wpcf7-form init\" aria-label=\"Formul\u00e1rios de contato\" novalidate=\"novalidate\" data-status=\"init\">\n<div style=\"display: none;\">\n<input type=\"hidden\" name=\"_wpcf7\" value=\"4\" \/>\n<input type=\"hidden\" name=\"_wpcf7_version\" value=\"6.0.6\" \/>\n<input type=\"hidden\" name=\"_wpcf7_locale\" value=\"pt_BR\" \/>\n<input type=\"hidden\" name=\"_wpcf7_unit_tag\" value=\"wpcf7-f4-o1\" \/>\n<input type=\"hidden\" name=\"_wpcf7_container_post\" value=\"0\" \/>\n<input type=\"hidden\" name=\"_wpcf7_posted_data_hash\" value=\"\" \/>\n<\/div>\n<p><label> Nome (requerido)<br \/>\n<span class=\"wpcf7-form-control-wrap\" data-name=\"your-name\"><input size=\"40\" maxlength=\"400\" class=\"wpcf7-form-control wpcf7-text wpcf7-validates-as-required\" aria-required=\"true\" aria-invalid=\"false\" value=\"\" type=\"text\" name=\"your-name\" \/><\/span> <\/label>\n<\/p>\n<p><label> Email (requerido)<br \/>\n<span class=\"wpcf7-form-control-wrap\" data-name=\"your-email\"><input size=\"40\" maxlength=\"400\" class=\"wpcf7-form-control wpcf7-email wpcf7-validates-as-required wpcf7-text wpcf7-validates-as-email\" aria-required=\"true\" aria-invalid=\"false\" value=\"\" type=\"email\" name=\"your-email\" \/><\/span> <\/label>\n<\/p>\n<p><label> Telefone (requerido)<br \/>\n<span class=\"wpcf7-form-control-wrap\" data-name=\"tel-357\"><input size=\"40\" maxlength=\"400\" class=\"wpcf7-form-control wpcf7-tel wpcf7-validates-as-required wpcf7-text wpcf7-validates-as-tel\" aria-required=\"true\" aria-invalid=\"false\" value=\"\" type=\"tel\" name=\"tel-357\" \/><\/span><br \/>\n<\/label>\n<\/p>\n<p><label> Mensagem:<br \/>\n<span class=\"wpcf7-form-control-wrap\" data-name=\"your-message\"><textarea cols=\"40\" rows=\"10\" maxlength=\"2000\" class=\"wpcf7-form-control wpcf7-textarea\" aria-invalid=\"false\" name=\"your-message\"><\/textarea><\/span> <\/label>\n<\/p>\n<p><input class=\"wpcf7-form-control wpcf7-submit has-spinner\" type=\"submit\" value=\"Enviar\" \/>\n<\/p><div class=\"wpcf7-response-output\" aria-hidden=\"true\"><\/div>\n<\/form>\n<\/div>\n<\/div><\/div><\/div>\t\t\t\t\t\t\t\t<\/div>\n\t\t\t\t<\/div>\n\t\t\t\t\t<\/div>\n\t\t<\/div>\n\t\t\t\t\t<\/div>\n\t\t<\/section>\n\t\t\t\t<section class=\"elementor-section elementor-top-section elementor-element elementor-element-5014cb0 elementor-section-boxed elementor-section-height-default elementor-section-height-default\" data-id=\"5014cb0\" data-element_type=\"section\">\n\t\t\t\t\t\t<div class=\"elementor-container elementor-column-gap-default\">\n\t\t\t\t\t<div class=\"elementor-column elementor-col-100 elementor-top-column elementor-element elementor-element-f23b6b1\" data-id=\"f23b6b1\" data-element_type=\"column\">\n\t\t\t<div class=\"elementor-widget-wrap elementor-element-populated\">\n\t\t\t\t\t\t<div class=\"elementor-element elementor-element-0dc323a elementor-align-center elementor-widget elementor-widget-button\" data-id=\"0dc323a\" data-element_type=\"widget\" data-widget_type=\"button.default\">\n\t\t\t\t<div class=\"elementor-widget-container\">\n\t\t\t\t\t\t\t\t\t<div class=\"elementor-button-wrapper\">\n\t\t\t\t\t<a class=\"elementor-button elementor-button-link elementor-size-sm\" href=\"https:\/\/api.whatsapp.com\/send\/?phone=5511949398293&#038;text=Ol%C3%A1%21+Gostaria+de+uma+cota%C3%A7%C3%A3o+para+um+Dilacerador+de+Pneus.\">\n\t\t\t\t\t\t<span class=\"elementor-button-content-wrapper\">\n\t\t\t\t\t\t<span class=\"elementor-button-icon\">\n\t\t\t\t<i aria-hidden=\"true\" class=\"fab fa-whatsapp\"><\/i>\t\t\t<\/span>\n\t\t\t\t\t\t\t\t\t<span class=\"elementor-button-text\">Fale com um Especialista<\/span>\n\t\t\t\t\t<\/span>\n\t\t\t\t\t<\/a>\n\t\t\t\t<\/div>\n\t\t\t\t\t\t\t\t<\/div>\n\t\t\t\t<\/div>\n\t\t\t\t\t<\/div>\n\t\t<\/div>\n\t\t\t\t\t<\/div>\n\t\t<\/section>\n\t\t\t\t<\/div>\n\t\t","protected":false},"excerpt":{"rendered":"<p>Fale com nossa Equipe Comercial O Dilacerador de Pneus Metalseg \u00e9 a prote\u00e7\u00e3o definitiva para transportadoras, centros log\u00edsticos e aeroportos. O\u00a0Perfurador de Pneus, Dilacerador de Pneus\u00a0ou\u00a0\u201cGarra de Tigre\u201d\u00a0como \u00e9 popularmente conhecido, \u00e9 um equipamento que perfura os pneus de carros ou caminh\u00f5es, quando tentam for\u00e7ar um acesso n\u00e3o autorizado, podendo ser acionado atrav\u00e9s de botoeira&hellip; <br \/> <a class=\"button small blue\" href=\"http:\/\/metalseg.com.br\/site\/produtos\/dilacerador-de-pneus\/\">Leia mais<\/a><\/p>\n","protected":false},"author":1,"featured_media":0,"parent":108,"menu_order":0,"comment_status":"closed","ping_status":"closed","template":"","meta":{"footnotes":""},"class_list":["post-87","page","type-page","status-publish","hentry"],"_links":{"self":[{"href":"http:\/\/metalseg.com.br\/site\/wp-json\/wp\/v2\/pages\/87","targetHints":{"allow":["GET"]}}],"collection":[{"href":"http:\/\/metalseg.com.br\/site\/wp-json\/wp\/v2\/pages"}],"about":[{"href":"http:\/\/metalseg.com.br\/site\/wp-json\/wp\/v2\/types\/page"}],"author":[{"embeddable":true,"href":"http:\/\/metalseg.com.br\/site\/wp-json\/wp\/v2\/users\/1"}],"replies":[{"embeddable":true,"href":"http:\/\/metalseg.com.br\/site\/wp-json\/wp\/v2\/comments?post=87"}],"version-history":[{"count":71,"href":"http:\/\/metalseg.com.br\/site\/wp-json\/wp\/v2\/pages\/87\/revisions"}],"predecessor-version":[{"id":549,"href":"http:\/\/metalseg.com.br\/site\/wp-json\/wp\/v2\/pages\/87\/revisions\/549"}],"up":[{"embeddable":true,"href":"http:\/\/metalseg.com.br\/site\/wp-json\/wp\/v2\/pages\/108"}],"wp:attachment":[{"href":"http:\/\/metalseg.com.br\/site\/wp-json\/wp\/v2\/media?parent=87"}],"curies":[{"name":"wp","href":"https:\/\/api.w.org\/{rel}","templated":true}]}}